{"id":472,"date":"2024-04-17T17:45:30","date_gmt":"2024-04-17T15:45:30","guid":{"rendered":"https:\/\/jugend.tennisturnier-heufeld.de\/?page_id=472"},"modified":"2025-07-07T13:33:03","modified_gmt":"2025-07-07T11:33:03","slug":"ausschreibung","status":"publish","type":"page","link":"https:\/\/jugend.tennisturnier-heufeld.de\/index.php\/ausschreibung\/","title":{"rendered":"Ausschreibung"},"content":{"rendered":"\n<figure class=\"wp-block-table is-style-stripes\"><table class=\"has-border-color has-fixed-layout\" style=\"border-color:#dddddd;border-width:1px\"><tbody><tr><td><strong>Termin:<\/strong><\/td><td><strong>Jugend\/Nachwuchs:<\/strong><\/td><td><strong>06. bis 10. August 2025<\/strong><\/td><\/tr><tr><td><strong>Veranstalter:<\/strong><\/td><td colspan=\"2\"><strong>F\u00f6rderverein der Sparte Tennis im SV DJK Heufeld<\/strong><\/td><\/tr><tr><td><strong>Ausrichter:<\/strong><\/td><td colspan=\"2\"><strong>Sparte Tennis des SV DJK Heufeld e. V.<\/strong><\/td><\/tr><tr><td><strong>Schirmherr:<\/strong><\/td><td colspan=\"2\">Richard Richter, B\u00fcrgermeister der Marktgemeinde Bruckm\u00fchl<\/td><\/tr><tr><td><strong>Ort:<\/strong><\/td><td colspan=\"2\">Tennisanlage des SV DJK Heufeld<br>Pettenkofer Stra\u00dfe 17, 83052 Bruckm\u00fchl, Ortsteil Heufeld<br>(neben Hage-Bau-Markt) und Nachbaranlagen<\/td><\/tr><tr><td><strong>Turnierleitung:<\/strong><\/td><td colspan=\"2\">Walter Te\u00dfler<\/td><\/tr><tr><td><strong>Sportliche Leitung:<\/strong><\/td><td colspan=\"2\">Tobias Hinke<\/td><\/tr><tr><td><strong>Oberschiedsrichter:<\/strong><\/td><td colspan=\"2\">Tobias Hinke \/ Walter Te\u00dfler<\/td><\/tr><tr><td><strong>Turnierarzt:<\/strong><\/td><td colspan=\"2\">Diensthabender Arzt<\/td><\/tr><tr><td><strong>Wettbewerbe:<\/strong><\/td><td colspan=\"2\"><strong>Einzel mit Leistungsklassenwertung (au\u00dfer U10)<\/strong><\/td><\/tr><tr><td><\/td><td><strong>weiblich:<\/strong><\/td><td>U21 LK1-25, U18 LK1-25, U16 LK1-25, U14 LK1-25, U12 LK1-25, U10<\/td><\/tr><tr><td>&nbsp;<\/td><td><strong>m\u00e4nnlich:<\/strong><\/td><td>U21 LK1-25, U18 LK1-25, U16 LK1-25, U14 LK1-25, U12 LK1-25, U10<\/td><\/tr><tr><td>&nbsp;<\/td><td colspan=\"2\">Die Turnierleitung beh\u00e4lt sich vor, in Abh\u00e4ngigkeit der Teilnehmerzahl und der Witterungsbedingungen, in ausgew\u00e4hlten Wettbewerben, keine Nebenrunde anzubieten<\/td><\/tr><tr><td>&nbsp;<\/td><td colspan=\"2\"><strong>Doppelwettbewerbe mit Leistungsklassenbewertung<\/strong><\/td><\/tr><tr><td><\/td><td><strong>weiblich:<\/strong><\/td><td>U21, U18, U16, U14, U12<\/td><\/tr><tr><td>&nbsp;<\/td><td><strong>m\u00e4nnlich:<\/strong><\/td><td>U21, U18, U16, U14, U12<\/td><\/tr><tr><td>&nbsp;<\/td><td><strong>Mixed:<\/strong><\/td><td>U21, U16 LK1-25<\/td><\/tr><tr><td>&nbsp;<\/td><td colspan=\"2\"><strong>Maximal 3 Wettbewerbe pro Spieler!<\/strong><br>Der Veranstalter beh\u00e4lt sich das Recht vor, bei zu geringer Beteiligung einzelne Altersklassen zu streichen oder mit der n\u00e4chst\u00e4lteren Klasse zusammenzulegen.<\/td><\/tr><tr><td><strong>Ballmarke:<\/strong><\/td><td>BTV 3.0<\/td><td>Spielb\u00e4lle U12\/U10 Stage 1 (Gr\u00fcn)<\/td><\/tr><tr><td><strong>Spielmodus:<\/strong><\/td><td><strong>U21 &#8211; U10:<\/strong><\/td><td>KO-System oder Gruppenmodus, abh\u00e4ngig von Anzahl der Teilnehmer.<br>2 Gewinns\u00e4tze, 3 Satz Match-Tiebreak bis 10.<\/td><\/tr><tr><td>&nbsp;<\/td><td><strong>Doppel:<\/strong><\/td><td>KO-System oder Gruppenmodus, abh\u00e4ngig von Anzahl der Teilnehmer. <br>2 Gewinns\u00e4tze, 3 Satz Match-Tiebreak bis 10. Anwendung der NoAd-Regel.<\/td><\/tr><tr><td>&nbsp;<\/td><td><strong>Mixed:<\/strong><\/td><td>KO-System oder Gruppenmodus, abh\u00e4ngig von Anzahl der Teilnehmer.<br>2 Gewinns\u00e4tze, 3 Satz Match-Tiebreak bis 10. Anwendung der NoAd-Regel<\/td><\/tr><tr><td>&nbsp;<\/td><td colspan=\"2\">Es gelten die Tennisregeln der ITF sowie die Turnierordnung des DTB!<br>Der Verhaltenskodex des DTB kommt zur Anwendung!<\/td><\/tr><tr><td><strong>Nenngeld:<\/strong><\/td><td><strong>Einzel:<\/strong><\/td><td>33,00 \u20ac \/ Spieler(in) Gro\u00dffeld<\/td><\/tr><tr><td>&nbsp;<\/td><td><strong>Doppel\/Mixed:<\/strong><\/td><td>30,00 \u20ac Paarung (15 \u20ac \/ Spieler(in)<\/td><\/tr><tr><td>&nbsp;<\/td><td colspan=\"2\"><strong>Die Nenngelder beinhalten die neue DTB-Service-Geb\u00fchr!<br>Nach erfolgter Auslosung wird das Nenngeld nicht mehr zur\u00fcckerstattet!<\/strong><\/td><\/tr><tr><td><strong>Preise:<\/strong><\/td><td colspan=\"2\">Pokale und Sachpreise, Sonderpreise, Wanderpokal, T-Shirt f\u00fcr jeden Teilnehmer<\/td><\/tr><tr><td><strong>Anmeldeschluss:<\/strong><\/td><td colspan=\"2\"><strong>Einzelwettbewerbe\/Doppel\/Mixed:<br>Online-Meldung: 07. August 2025, 23:59 Uhr<br><\/strong>Meldungen f\u00fcr Doppel-\/Mixedwettbewerbe k\u00f6nnen noch bis 07. August 2025, <br>10:00 Uhr bei der Turnierleitung in Heufeld nachgereicht werden.<\/td><\/tr><tr><td>&nbsp;<\/td><td colspan=\"2\">Die Meldegeb\u00fchr bitte auf folgendes Konto zu \u00fcberweisen:<br>F\u00f6rderverein Tennis des SV DJK Heufeld e.V. bei der Sparkasse Rosenheim-Bad Aibling IBAN: DE87711500000000931196, BIC: BYLADEM1ROS<br><strong>Bitte im Verwendungszweck Name, Vorname und Wettbewerb angeben!<\/strong><br><strong>Ohne Zahlung erfolgt keine Auslosung!.<\/strong>&nbsp;<\/td><\/tr><tr><td><strong>Anmeldung\/Info:<\/strong><\/td><td colspan=\"2\">Email: <a href=\"mailto:anmeldung@tennisturnier-heufeld.de\">anmeldung@tennisturnier-heufeld.de<\/a><br>Online: <a href=\"https:\/\/jugend.tennisturnier-heufeld.de\/index.php\/spieler\/\" data-type=\"page\" data-id=\"22\">Anmeldung<\/a><br>Fragen: Tel.: 0171-7594474<\/td><\/tr><tr><td><strong>Auslosung:<\/strong><\/td><td colspan=\"2\"><strong>Einzelwettbewerbe, Montag, 04.08.2025 16:00 Uhr<\/strong><\/td><\/tr><tr><td><strong>Internet:<\/strong><\/td><td colspan=\"2\"><a href=\"http:\/\/tennisturnier-heufeld.de\" target=\"_blank\" rel=\"noreferrer noopener\">http:\/\/www.tennisturnier-heufeld.de<\/a><\/td><\/tr><tr><td><strong>Download:<\/strong><\/td><td colspan=\"2\"><a href=\"https:\/\/jugend.tennisturnier-heufeld.de\/wp-content\/uploads\/2025\/03\/Ausschreibung-2025.pdf\" data-type=\"link\" data-id=\"https:\/\/jugend.tennisturnier-heufeld.de\/wp-content\/uploads\/2025\/03\/Ausschreibung-2025.pdf\" target=\"_blank\" rel=\"noreferrer noopener\">Ausschreibung im PDF-Format<\/a><\/td><\/tr><\/tbody><\/table><\/figure>\n","protected":false},"excerpt":{"rendered":"<p>Termin: Jugend\/Nachwuchs: 06. bis 10. August 2025 Veranstalter: F\u00f6rderverein der Sparte Tennis im SV DJK Heufeld Ausrichter: Sparte Tennis des SV DJK Heufeld e. V. Schirmherr: Richard Richter, B\u00fcrgermeister der Marktgemeinde Bruckm\u00fchl Ort: Tennisanlage des SV DJK HeufeldPettenkofer Stra\u00dfe 17, 83052 Bruckm\u00fchl, Ortsteil Heufeld(neben Hage-Bau-Markt) und Nachbaranlagen Turnierleitung: Walter Te\u00dfler Sportliche Leitung: Tobias Hinke Oberschiedsrichter: [&hellip;]<\/p>\n","protected":false},"author":3,"featured_media":0,"parent":0,"menu_order":0,"comment_status":"closed","ping_status":"closed","template":"","meta":{"footnotes":""},"_links":{"self":[{"href":"https:\/\/jugend.tennisturnier-heufeld.de\/index.php\/wp-json\/wp\/v2\/pages\/472"}],"collection":[{"href":"https:\/\/jugend.tennisturnier-heufeld.de\/index.php\/wp-json\/wp\/v2\/pages"}],"about":[{"href":"https:\/\/jugend.tennisturnier-heufeld.de\/index.php\/wp-json\/wp\/v2\/types\/page"}],"author":[{"embeddable":true,"href":"https:\/\/jugend.tennisturnier-heufeld.de\/index.php\/wp-json\/wp\/v2\/users\/3"}],"replies":[{"embeddable":true,"href":"https:\/\/jugend.tennisturnier-heufeld.de\/index.php\/wp-json\/wp\/v2\/comments?post=472"}],"version-history":[{"count":22,"href":"https:\/\/jugend.tennisturnier-heufeld.de\/index.php\/wp-json\/wp\/v2\/pages\/472\/revisions"}],"predecessor-version":[{"id":1036,"href":"https:\/\/jugend.tennisturnier-heufeld.de\/index.php\/wp-json\/wp\/v2\/pages\/472\/revisions\/1036"}],"wp:attachment":[{"href":"https:\/\/jugend.tennisturnier-heufeld.de\/index.php\/wp-json\/wp\/v2\/media?parent=472"}],"curies":[{"name":"wp","href":"https:\/\/api.w.org\/{rel}","templated":true}]}}