{"id":22,"date":"2024-04-04T15:51:42","date_gmt":"2024-04-04T13:51:42","guid":{"rendered":"https:\/\/jugend.tennisturnier-heufeld.de\/?page_id=22"},"modified":"2025-08-05T13:02:42","modified_gmt":"2025-08-05T11:02:42","slug":"spieler","status":"publish","type":"page","link":"https:\/\/jugend.tennisturnier-heufeld.de\/index.php\/spieler\/","title":{"rendered":"Anmeldung"},"content":{"rendered":"\n<blockquote class=\"wp-block-quote is-layout-flow wp-block-quote-is-layout-flow\">\n<p>Die Anmeldefrist ist am 3.8.2025 um 24 Uhr abgelaufen.<\/p>\n<\/blockquote>\n\n\n\n<p><br><br>Die Anmeldung erfolgt \u00fcber mybigpoint:<br><br><strong>Achtung: <\/strong>Du ben\u00f6tigst eine Lizenz f\u00fcr Ranglisten- und LK-Spieler, um an Turnieren mit Ranglisten- oder LK-Wertung teilnehmen zu k\u00f6nnen. Die reine Lizenz f\u00fcr Ranglisten- und LK-Spieler ist im <strong>tennis.de LIZENZ<\/strong> Abonnement enthalten. Teilnehmerinnen und Teilnehmer am U10 Wettbewerb (m\/w) sind davon ausgenommen.<\/p>\n\n\n\n<ul style=\"margin-top:var(--wp--preset--spacing--10);margin-bottom:var(--wp--preset--spacing--10);padding-top:0;padding-right:var(--wp--preset--spacing--50);padding-bottom:0;padding-left:var(--wp--preset--spacing--50)\" class=\"has-medium-font-size\">\n<li style=\"margin-top:var(--wp--preset--spacing--20);margin-right:0;margin-bottom:var(--wp--preset--spacing--20);margin-left:0\" class=\"has-small-font-size\"><a href=\"https:\/\/spieler.tennis.de\/web\/guest\/turniersuche?tournamentId=694738\" target=\"_blank\" rel=\"noreferrer noopener\">25. Heufelder Jugendturnier<\/a> <strong>(Das Turnier ist freigegeben &#8211; ihr k\u00f6nnt euch anmelden)<\/strong><\/li>\n<\/ul>\n\n\n\n<p><\/p>\n\n\n\n<figure class=\"wp-block-image size-full is-resized has-custom-border is-style-rounded wp-duotone-unset-1\"><a href=\"https:\/\/spieler.tennis.de\/web\/guest\/turniersuche?tournamentId=694738\" target=\"_blank\" rel=\"noreferrer noopener\"><img loading=\"lazy\" decoding=\"async\" width=\"322\" height=\"273\" src=\"https:\/\/jugend.tennisturnier-heufeld.de\/wp-content\/uploads\/2024\/04\/News-MyBigPoint.png\" alt=\"\" class=\"has-border-color wp-image-140\" style=\"border-color:#dddddd;border-width:1px;border-radius:3px;width:179px;height:auto\" srcset=\"https:\/\/jugend.tennisturnier-heufeld.de\/wp-content\/uploads\/2024\/04\/News-MyBigPoint.png 322w, https:\/\/jugend.tennisturnier-heufeld.de\/wp-content\/uploads\/2024\/04\/News-MyBigPoint-300x254.png 300w\" sizes=\"(max-width: 322px) 100vw, 322px\" \/><\/a><\/figure>\n\n\n\n<p><\/p>\n\n\n\n<p class=\"has-medium-font-size\" style=\"margin-top:var(--wp--preset--spacing--10);margin-right:0;margin-bottom:var(--wp--preset--spacing--10);margin-left:0\">Wenn du Probleme mit der Anmeldung hast, schreibe uns eine E-Mail:<\/p>\n\n\n\n<p><\/p>\n\n\n\n<p style=\"margin-top:0;margin-right:0;margin-bottom:0;margin-left:0;padding-top:0;padding-right:0;padding-bottom:0;padding-left:0\"><a href=\"mailto:anmeldung@tennistturnier-heufeld.de\">anmeldung@tennisturnier-heufeld.de<\/a><\/p>\n\n\n\n<p class=\"has-contrast-2-color has-text-color has-link-color has-medium-font-size wp-elements-108f5b17d6fd16c6820caf3208d8240e\">Bitte Name, Vorname, GebDat, Verein, Spielklasse, TelNr angeben.<\/p>\n\n\n\n<p><\/p>\n\n\n\n<p><\/p>\n","protected":false},"excerpt":{"rendered":"<p>Die Anmeldefrist ist am 3.8.2025 um 24 Uhr abgelaufen. Die Anmeldung erfolgt \u00fcber mybigpoint: Achtung: Du ben\u00f6tigst eine Lizenz f\u00fcr Ranglisten- und LK-Spieler, um an Turnieren mit Ranglisten- oder LK-Wertung teilnehmen zu k\u00f6nnen. Die reine Lizenz f\u00fcr Ranglisten- und LK-Spieler ist im tennis.de LIZENZ Abonnement enthalten. Teilnehmerinnen und Teilnehmer am U10 Wettbewerb (m\/w) sind davon [&hellip;]<\/p>\n","protected":false},"author":3,"featured_media":0,"parent":0,"menu_order":0,"comment_status":"closed","ping_status":"closed","template":"","meta":{"footnotes":""},"_links":{"self":[{"href":"https:\/\/jugend.tennisturnier-heufeld.de\/index.php\/wp-json\/wp\/v2\/pages\/22"}],"collection":[{"href":"https:\/\/jugend.tennisturnier-heufeld.de\/index.php\/wp-json\/wp\/v2\/pages"}],"about":[{"href":"https:\/\/jugend.tennisturnier-heufeld.de\/index.php\/wp-json\/wp\/v2\/types\/page"}],"author":[{"embeddable":true,"href":"https:\/\/jugend.tennisturnier-heufeld.de\/index.php\/wp-json\/wp\/v2\/users\/3"}],"replies":[{"embeddable":true,"href":"https:\/\/jugend.tennisturnier-heufeld.de\/index.php\/wp-json\/wp\/v2\/comments?post=22"}],"version-history":[{"count":40,"href":"https:\/\/jugend.tennisturnier-heufeld.de\/index.php\/wp-json\/wp\/v2\/pages\/22\/revisions"}],"predecessor-version":[{"id":1149,"href":"https:\/\/jugend.tennisturnier-heufeld.de\/index.php\/wp-json\/wp\/v2\/pages\/22\/revisions\/1149"}],"wp:attachment":[{"href":"https:\/\/jugend.tennisturnier-heufeld.de\/index.php\/wp-json\/wp\/v2\/media?parent=22"}],"curies":[{"name":"wp","href":"https:\/\/api.w.org\/{rel}","templated":true}]}}